{"id":384,"date":"2025-04-02T13:42:13","date_gmt":"2025-04-02T11:42:13","guid":{"rendered":"https:\/\/artesadesegre.cat\/turisme\/?page_id=384"},"modified":"2026-03-10T19:27:41","modified_gmt":"2026-03-10T18:27:41","slug":"el-centre-historic","status":"publish","type":"page","link":"https:\/\/artesadesegre.cat\/turisme\/la-ruta-pel-centre-historic\/el-centre-historic\/","title":{"rendered":"El centre hist\u00f2ric"},"content":{"rendered":"\t\t<div data-elementor-type=\"wp-page\" data-elementor-id=\"384\" class=\"elementor elementor-384\" data-elementor-post-type=\"page\">\n\t\t\t\t<div class=\"elementor-element elementor-element-aea924f e-flex e-con-boxed e-con e-parent\" data-id=\"aea924f\" data-element_type=\"container\" data-e-type=\"container\">\n\t\t\t\t\t<div class=\"e-con-inner\">\n\t\t<div class=\"elementor-element elementor-element-018423f e-con-full e-flex e-con e-child\" data-id=\"018423f\" data-element_type=\"container\" data-e-type=\"container\">\n\t\t\t\t<div class=\"elementor-element elementor-element-175a1f6 elementor-widget elementor-widget-text-editor\" data-id=\"175a1f6\" data-element_type=\"widget\" data-e-type=\"widget\" data-widget_type=\"text-editor.default\">\n\t\t\t\t\t\t\t\t\t<p class=\"p1\">L\u2019origen d\u2019Artesa cal buscar-lo uns segles enrere i una mica m\u00e9s amunt, al cim de la muntanya del Castellot, on als segles IX i X es va construir un hisn o fortificaci\u00f3 per controlar la frontera entre al-\u00c0ndalus i el comtat d\u2019Urgell<\/p><p class=\"p1\">Entre els anys 1010 i 1017, el castell d\u2019Artesa va ser conquerit per dos personatges importants de l\u2019\u00e8poca: Ramon Borrell, comte de Barcelona i Ermengol II, comte d\u2019Urgell. M\u00e9s endavant, el 1037, Ermengol II d\u2019Urgell i la seva esposa Belasqueta el van vendre a Arnau Mir de Tost i la seva esposa Arsenda, vassalls i figures puntals de la pol\u00edtica expansionista dels comtes d\u2019Urgell.<span class=\"Apple-converted-space\">\u00a0<\/span><\/p><p class=\"p1\">Aix\u00ed, Arnau Mir de Tost i Arsenda es van convertir en els primers senyors d\u2019Artesa. En el testament que va fer Arsenda l\u2019any 1068, va deixar el castell a la seva filla Letgarda i al seu net Guerau Pon\u00e7 II de Cabrera. A la seva mort, Arnau Mir de Tost va seguir la voluntat de la seva esposa i, per aix\u00f2, el castell va passar a mans dels Cabrera, vescomtes d\u2019\u00c0ger.<\/p><p class=\"p1\">A partir de finals de segle XII, arran del casament de la marquesa de Cabrera amb Gombau III de Ribelles, la fortalesa i la vila d\u2019Artesa van ser senyorejats pels Ribelles fins que, l\u2019any 1504, un tal Ramon de Ribelles va designar-ne el monestir de Montserrat hereu universal. Aix\u00ed, l\u2019abadia de Montserrat va ostentar el senyoriu d\u2019Artesa fins al segle XIX.<\/p><p class=\"p1\">Amb la incorporaci\u00f3 definitiva del territori al comtat d\u2019Urgell, durant els segles XIII i XIV, la vila d\u2019Artesa es devia traslladar a la part baixa, a l\u2019indret actual, atreta per la proximitat de l\u2019horta, la s\u00e9quia i els molins. Possiblement, durant els segles XIV i XV la vila va quedar definida a l\u2019actual centre hist\u00f2ric.<\/p><p class=\"p1\">L\u2019Artesa medieval era una vila emmurallada i delimitada exteriorment per un fossat, amb un \u00fanic acc\u00e9s a trav\u00e9s del Portal de la S\u00ednia dels Molins, situat al final de l\u2019actual carrer Carnisseries. Durant el segle XV l\u2019organitzaci\u00f3 municipal d\u2019Artesa estava inspirada en el r\u00e8gim de la paeria, amb un batlle, tres paers i un Consell General format pels homes caps de fam\u00edlia que representaven la vila, tots ells majors d\u2019edat i pagesos. Quan s\u2019havien de decidir afers importants, els representants municipals es reunien al davant de l\u2019antiga l\u2019esgl\u00e9sia de Santa Maria, en trobades obertes a les quals podia assistir la resta de la poblaci\u00f3. La import\u00e0ncia de l\u2019activitat comercial d\u2019Artesa de Segre es reflecteix en la concessi\u00f3 del rei Mart\u00ed l\u2019Hum\u00e0 per celebrar un mercat setmanal cada dijous a la pla\u00e7a de la Vila, on s\u2019arreplegaven diversos artesans com ara teixidors, ferrers, carreters o boters.<\/p>\t\t\t\t\t\t\t\t<\/div>\n\t\t\t\t<\/div>\n\t\t<div class=\"elementor-element elementor-element-dc960fe e-con-full e-flex e-con e-child\" data-id=\"dc960fe\" data-element_type=\"container\" data-e-type=\"container\">\n\t\t\t\t<div class=\"elementor-element elementor-element-98a5948 elementor-widget elementor-widget-image\" data-id=\"98a5948\" data-element_type=\"widget\" data-e-type=\"widget\" data-widget_type=\"image.default\">\n\t\t\t\t\t\t\t\t\t\t\t\t\t\t\t<img fetchpriority=\"high\" decoding=\"async\" width=\"1994\" height=\"1386\" src=\"https:\/\/artesadesegre.cat\/turisme\/wp-content\/uploads\/2025\/04\/Captura-de-Pantalla-2025-04-02-a-las-10.36.00-1.png\" class=\"attachment-full size-full wp-image-388\" alt=\"\" srcset=\"https:\/\/artesadesegre.cat\/turisme\/wp-content\/uploads\/2025\/04\/Captura-de-Pantalla-2025-04-02-a-las-10.36.00-1.png 1994w, https:\/\/artesadesegre.cat\/turisme\/wp-content\/uploads\/2025\/04\/Captura-de-Pantalla-2025-04-02-a-las-10.36.00-1-300x209.png 300w, https:\/\/artesadesegre.cat\/turisme\/wp-content\/uploads\/2025\/04\/Captura-de-Pantalla-2025-04-02-a-las-10.36.00-1-1024x712.png 1024w, https:\/\/artesadesegre.cat\/turisme\/wp-content\/uploads\/2025\/04\/Captura-de-Pantalla-2025-04-02-a-las-10.36.00-1-768x534.png 768w, https:\/\/artesadesegre.cat\/turisme\/wp-content\/uploads\/2025\/04\/Captura-de-Pantalla-2025-04-02-a-las-10.36.00-1-1536x1068.png 1536w, https:\/\/artesadesegre.cat\/turisme\/wp-content\/uploads\/2025\/04\/Captura-de-Pantalla-2025-04-02-a-las-10.36.00-1-1080x751.png 1080w, https:\/\/artesadesegre.cat\/turisme\/wp-content\/uploads\/2025\/04\/Captura-de-Pantalla-2025-04-02-a-las-10.36.00-1-1280x890.png 1280w, https:\/\/artesadesegre.cat\/turisme\/wp-content\/uploads\/2025\/04\/Captura-de-Pantalla-2025-04-02-a-las-10.36.00-1-980x681.png 980w, https:\/\/artesadesegre.cat\/turisme\/wp-content\/uploads\/2025\/04\/Captura-de-Pantalla-2025-04-02-a-las-10.36.00-1-480x334.png 480w\" sizes=\"(max-width: 1994px) 100vw, 1994px\" \/>\t\t\t\t\t\t\t\t\t\t\t\t\t\t\t<\/div>\n\t\t\t\t<div class=\"elementor-element elementor-element-adaf114 elementor-widget elementor-widget-image\" data-id=\"adaf114\" data-element_type=\"widget\" data-e-type=\"widget\" data-widget_type=\"image.default\">\n\t\t\t\t\t\t\t\t\t\t\t\t\t\t\t<img decoding=\"async\" width=\"1458\" height=\"1268\" src=\"https:\/\/artesadesegre.cat\/turisme\/wp-content\/uploads\/2025\/04\/Captura-de-Pantalla-2025-04-02-a-las-10.46.19.png\" class=\"attachment-full size-full wp-image-390\" alt=\"\" srcset=\"https:\/\/artesadesegre.cat\/turisme\/wp-content\/uploads\/2025\/04\/Captura-de-Pantalla-2025-04-02-a-las-10.46.19.png 1458w, https:\/\/artesadesegre.cat\/turisme\/wp-content\/uploads\/2025\/04\/Captura-de-Pantalla-2025-04-02-a-las-10.46.19-300x261.png 300w, https:\/\/artesadesegre.cat\/turisme\/wp-content\/uploads\/2025\/04\/Captura-de-Pantalla-2025-04-02-a-las-10.46.19-1024x891.png 1024w, https:\/\/artesadesegre.cat\/turisme\/wp-content\/uploads\/2025\/04\/Captura-de-Pantalla-2025-04-02-a-las-10.46.19-768x668.png 768w, https:\/\/artesadesegre.cat\/turisme\/wp-content\/uploads\/2025\/04\/Captura-de-Pantalla-2025-04-02-a-las-10.46.19-1080x939.png 1080w, https:\/\/artesadesegre.cat\/turisme\/wp-content\/uploads\/2025\/04\/Captura-de-Pantalla-2025-04-02-a-las-10.46.19-1280x1113.png 1280w, https:\/\/artesadesegre.cat\/turisme\/wp-content\/uploads\/2025\/04\/Captura-de-Pantalla-2025-04-02-a-las-10.46.19-980x852.png 980w, https:\/\/artesadesegre.cat\/turisme\/wp-content\/uploads\/2025\/04\/Captura-de-Pantalla-2025-04-02-a-las-10.46.19-480x417.png 480w\" sizes=\"(max-width: 1458px) 100vw, 1458px\" \/>\t\t\t\t\t\t\t\t\t\t\t\t\t\t\t<\/div>\n\t\t\t\t<div class=\"elementor-element elementor-element-84471eb elementor-widget elementor-widget-image\" data-id=\"84471eb\" data-element_type=\"widget\" data-e-type=\"widget\" data-widget_type=\"image.default\">\n\t\t\t\t\t\t\t\t\t\t\t\t\t\t\t<img decoding=\"async\" width=\"1360\" height=\"1418\" src=\"https:\/\/artesadesegre.cat\/turisme\/wp-content\/uploads\/2025\/04\/Captura-de-Pantalla-2025-04-02-a-las-10.53.08.png\" class=\"attachment-full size-full wp-image-391\" alt=\"\" srcset=\"https:\/\/artesadesegre.cat\/turisme\/wp-content\/uploads\/2025\/04\/Captura-de-Pantalla-2025-04-02-a-las-10.53.08.png 1360w, https:\/\/artesadesegre.cat\/turisme\/wp-content\/uploads\/2025\/04\/Captura-de-Pantalla-2025-04-02-a-las-10.53.08-288x300.png 288w, https:\/\/artesadesegre.cat\/turisme\/wp-content\/uploads\/2025\/04\/Captura-de-Pantalla-2025-04-02-a-las-10.53.08-982x1024.png 982w, https:\/\/artesadesegre.cat\/turisme\/wp-content\/uploads\/2025\/04\/Captura-de-Pantalla-2025-04-02-a-las-10.53.08-768x801.png 768w, https:\/\/artesadesegre.cat\/turisme\/wp-content\/uploads\/2025\/04\/Captura-de-Pantalla-2025-04-02-a-las-10.53.08-1080x1126.png 1080w, https:\/\/artesadesegre.cat\/turisme\/wp-content\/uploads\/2025\/04\/Captura-de-Pantalla-2025-04-02-a-las-10.53.08-1280x1335.png 1280w, https:\/\/artesadesegre.cat\/turisme\/wp-content\/uploads\/2025\/04\/Captura-de-Pantalla-2025-04-02-a-las-10.53.08-980x1022.png 980w, https:\/\/artesadesegre.cat\/turisme\/wp-content\/uploads\/2025\/04\/Captura-de-Pantalla-2025-04-02-a-las-10.53.08-480x500.png 480w\" sizes=\"(max-width: 1360px) 100vw, 1360px\" \/>\t\t\t\t\t\t\t\t\t\t\t\t\t\t\t<\/div>\n\t\t\t\t<\/div>\n\t\t\t\t\t<\/div>\n\t\t\t\t<\/div>\n\t\t<div class=\"elementor-element elementor-element-b61e9e1 e-flex e-con-boxed e-con e-parent\" data-id=\"b61e9e1\" data-element_type=\"container\" data-e-type=\"container\">\n\t\t\t\t\t<div class=\"e-con-inner\">\n\t\t\t\t<div class=\"elementor-element elementor-element-41ab76d elementor-align-left elementor-widget elementor-widget-button\" data-id=\"41ab76d\" data-element_type=\"widget\" data-e-type=\"widget\" data-widget_type=\"button.default\">\n\t\t\t\t\t\t\t\t\t\t<a class=\"elementor-button elementor-button-link elementor-size-sm\" href=\"https:\/\/artesadesegre.cat\/turisme\/wp-content\/uploads\/2025\/05\/DIPTIC-CENTRE-HISTORIC.pdf\">\n\t\t\t\t\t\t<span class=\"elementor-button-content-wrapper\">\n\t\t\t\t\t\t<span class=\"elementor-button-icon\">\n\t\t\t\t<svg aria-hidden=\"true\" class=\"e-font-icon-svg e-fas-long-arrow-alt-left\" viewBox=\"0 0 448 512\" xmlns=\"http:\/\/www.w3.org\/2000\/svg\"><path d=\"M134.059 296H436c6.627 0 12-5.373 12-12v-56c0-6.627-5.373-12-12-12H134.059v-46.059c0-21.382-25.851-32.09-40.971-16.971L7.029 239.029c-9.373 9.373-9.373 24.569 0 33.941l86.059 86.059c15.119 15.119 40.971 4.411 40.971-16.971V296z\"><\/path><\/svg>\t\t\t<\/span>\n\t\t\t\t\t\t\t\t\t<span class=\"elementor-button-text\">Tornar a la ruta del centre hist\u00f2ric<\/span>\n\t\t\t\t\t<\/span>\n\t\t\t\t\t<\/a>\n\t\t\t\t\t\t\t\t<\/div>\n\t\t\t\t\t<\/div>\n\t\t\t\t<\/div>\n\t\t\t\t<\/div>\n\t\t","protected":false},"excerpt":{"rendered":"<p>L\u2019origen d\u2019Artesa cal buscar-lo uns segles enrere i una mica m\u00e9s amunt, al cim de la muntanya del Castellot, on als segles IX i X es va construir un hisn o fortificaci\u00f3 per controlar la frontera entre al-\u00c0ndalus i el comtat d\u2019Urgell Entre els anys 1010 i 1017, el castell d\u2019Artesa va ser conquerit per [&hellip;]<\/p>\n","protected":false},"author":2,"featured_media":0,"parent":407,"menu_order":0,"comment_status":"closed","ping_status":"closed","template":"elementor_header_footer","meta":{"_acf_changed":false,"footnotes":""},"class_list":["post-384","page","type-page","status-publish","hentry"],"acf":[],"_links":{"self":[{"href":"https:\/\/artesadesegre.cat\/turisme\/wp-json\/wp\/v2\/pages\/384","targetHints":{"allow":["GET"]}}],"collection":[{"href":"https:\/\/artesadesegre.cat\/turisme\/wp-json\/wp\/v2\/pages"}],"about":[{"href":"https:\/\/artesadesegre.cat\/turisme\/wp-json\/wp\/v2\/types\/page"}],"author":[{"embeddable":true,"href":"https:\/\/artesadesegre.cat\/turisme\/wp-json\/wp\/v2\/users\/2"}],"replies":[{"embeddable":true,"href":"https:\/\/artesadesegre.cat\/turisme\/wp-json\/wp\/v2\/comments?post=384"}],"version-history":[{"count":14,"href":"https:\/\/artesadesegre.cat\/turisme\/wp-json\/wp\/v2\/pages\/384\/revisions"}],"predecessor-version":[{"id":1153,"href":"https:\/\/artesadesegre.cat\/turisme\/wp-json\/wp\/v2\/pages\/384\/revisions\/1153"}],"up":[{"embeddable":true,"href":"https:\/\/artesadesegre.cat\/turisme\/wp-json\/wp\/v2\/pages\/407"}],"wp:attachment":[{"href":"https:\/\/artesadesegre.cat\/turisme\/wp-json\/wp\/v2\/media?parent=384"}],"curies":[{"name":"wp","href":"https:\/\/api.w.org\/{rel}","templated":true}]}}