{"id":355,"date":"2025-04-02T13:42:03","date_gmt":"2025-04-02T11:42:03","guid":{"rendered":"https:\/\/artesadesegre.cat\/turisme\/?page_id=355"},"modified":"2026-03-11T12:13:43","modified_gmt":"2026-03-11T11:13:43","slug":"edifici-museu-del-montsec","status":"publish","type":"page","link":"https:\/\/artesadesegre.cat\/turisme\/la-ruta-pel-centre-historic\/edifici-museu-del-montsec\/","title":{"rendered":"Edifici Museu del Montsec"},"content":{"rendered":"\t\t<div data-elementor-type=\"wp-page\" data-elementor-id=\"355\" class=\"elementor elementor-355\" data-elementor-post-type=\"page\">\n\t\t\t\t<div class=\"elementor-element elementor-element-6b099f81 e-flex e-con-boxed e-con e-parent\" data-id=\"6b099f81\" data-element_type=\"container\" data-e-type=\"container\">\n\t\t\t\t\t<div class=\"e-con-inner\">\n\t\t<div class=\"elementor-element elementor-element-30e738df e-con-full e-flex e-con e-child\" data-id=\"30e738df\" data-element_type=\"container\" data-e-type=\"container\">\n\t\t\t\t<div class=\"elementor-element elementor-element-73e0c73b elementor-widget elementor-widget-text-editor\" data-id=\"73e0c73b\" data-element_type=\"widget\" data-e-type=\"widget\" data-widget_type=\"text-editor.default\">\n\t\t\t\t\t\t\t\t\t<p class=\"p1\">L\u2019actual Museu del Montsec havia estat l\u2019antiga casa de la vila d\u2019Artesa. Es tracta d\u2019un edifici constru\u00eft a mitjan segle XVI.<\/p><p class=\"p1\">Els Llibres d\u2019Estimes d\u2019Artesa en els quals s\u2019anotaven, per manament de les autoritats municipals i sota el seu control, les propietats de cada ve\u00ed, esmenten l\u2019exist\u00e8ncia de la casa de la vila ja a la d\u00e8cada de 1560.<\/p><p class=\"p1\">En una \u00e8poca en qu\u00e8 els governs locals comptaven amb poques compet\u00e8ncies i disposaven de molt poc personal, els edificis municipals assumien m\u00faltiples funcions. Aix\u00ed, a la casa de la vila d\u2019Artesa va acollir serveis tan diversos com el jutjat, un calab\u00f3s, un escorxador municipal i, entre els anys 1840 i 1921, tamb\u00e9 va funcionar com a escola.\u00a0<\/p><p class=\"p1\">Precisament, l\u2019\u00fas d\u2019aquest espai com a escola va coincidir amb una remodelaci\u00f3 de l\u2019edifici, les estructures actuals del qual daten en bona part d\u2019aquella \u00e8poca. Fruit de les obres i de les modificacions i afegits posteriors, l\u2019edifici compta amb un semisoterrani <span class=\"s1\">\u23af<\/span>que \u00e9s probablement l\u2019espai que conserva m\u00e9s trets originals<span class=\"s1\">\u23af<\/span>, una planta principal i una planta superior sota coberta.<\/p><p class=\"p1\">L\u2019any 1972, Joan Maluquer de Motes va impulsar la recuperaci\u00f3 de l\u2019edifici i la seva funci\u00f3 com a espai p\u00fablic. La iniciativa va quallar l\u2019any 1980 amb la inauguraci\u00f3 del Museu del Montsec d\u2019Artesa de Segre, que va obrir les portes amb un espai dedicat a exposicions d\u2019hist\u00f2ria, etnografia, arqueologia, natura i geografia. Actualment, s\u2019est\u00e0 treballant per culminar la reforma de l\u2019edifici, elaborar un inventari complet de la col\u00b7lecci\u00f3 i desenvolupar un nou projecte museogr\u00e0fic.<\/p>\t\t\t\t\t\t\t\t<\/div>\n\t\t\t\t<\/div>\n\t\t<div class=\"elementor-element elementor-element-5661bb85 e-con-full e-flex e-con e-child\" data-id=\"5661bb85\" data-element_type=\"container\" data-e-type=\"container\">\n\t\t\t\t<div class=\"elementor-element elementor-element-2d7c5310 elementor-widget elementor-widget-image\" data-id=\"2d7c5310\" data-element_type=\"widget\" data-e-type=\"widget\" data-widget_type=\"image.default\">\n\t\t\t\t\t\t\t\t\t\t\t\t\t\t\t<img fetchpriority=\"high\" decoding=\"async\" width=\"1920\" height=\"2560\" src=\"https:\/\/artesadesegre.cat\/turisme\/wp-content\/uploads\/2025\/04\/IMG_5416-2-scaled.jpg\" class=\"attachment-full size-full wp-image-545\" alt=\"\" srcset=\"https:\/\/artesadesegre.cat\/turisme\/wp-content\/uploads\/2025\/04\/IMG_5416-2-scaled.jpg 1920w, https:\/\/artesadesegre.cat\/turisme\/wp-content\/uploads\/2025\/04\/IMG_5416-2-225x300.jpg 225w, https:\/\/artesadesegre.cat\/turisme\/wp-content\/uploads\/2025\/04\/IMG_5416-2-768x1024.jpg 768w, https:\/\/artesadesegre.cat\/turisme\/wp-content\/uploads\/2025\/04\/IMG_5416-2-1152x1536.jpg 1152w, https:\/\/artesadesegre.cat\/turisme\/wp-content\/uploads\/2025\/04\/IMG_5416-2-1536x2048.jpg 1536w, https:\/\/artesadesegre.cat\/turisme\/wp-content\/uploads\/2025\/04\/IMG_5416-2-9x12.jpg 9w, https:\/\/artesadesegre.cat\/turisme\/wp-content\/uploads\/2025\/04\/IMG_5416-2-1080x1440.jpg 1080w, https:\/\/artesadesegre.cat\/turisme\/wp-content\/uploads\/2025\/04\/IMG_5416-2-1280x1707.jpg 1280w, https:\/\/artesadesegre.cat\/turisme\/wp-content\/uploads\/2025\/04\/IMG_5416-2-980x1307.jpg 980w, https:\/\/artesadesegre.cat\/turisme\/wp-content\/uploads\/2025\/04\/IMG_5416-2-480x640.jpg 480w\" sizes=\"(max-width: 1920px) 100vw, 1920px\" \/>\t\t\t\t\t\t\t\t\t\t\t\t\t\t\t<\/div>\n\t\t\t\t<div class=\"elementor-element elementor-element-14551bb8 elementor-widget elementor-widget-image\" data-id=\"14551bb8\" data-element_type=\"widget\" data-e-type=\"widget\" data-widget_type=\"image.default\">\n\t\t\t\t\t\t\t\t\t\t\t\t\t\t\t<img decoding=\"async\" width=\"1920\" height=\"2560\" src=\"https:\/\/artesadesegre.cat\/turisme\/wp-content\/uploads\/2025\/04\/IMG_4403-scaled.jpg\" class=\"attachment-full size-full wp-image-358\" alt=\"\" srcset=\"https:\/\/artesadesegre.cat\/turisme\/wp-content\/uploads\/2025\/04\/IMG_4403-scaled.jpg 1920w, https:\/\/artesadesegre.cat\/turisme\/wp-content\/uploads\/2025\/04\/IMG_4403-225x300.jpg 225w, https:\/\/artesadesegre.cat\/turisme\/wp-content\/uploads\/2025\/04\/IMG_4403-768x1024.jpg 768w, https:\/\/artesadesegre.cat\/turisme\/wp-content\/uploads\/2025\/04\/IMG_4403-1152x1536.jpg 1152w, https:\/\/artesadesegre.cat\/turisme\/wp-content\/uploads\/2025\/04\/IMG_4403-1536x2048.jpg 1536w, https:\/\/artesadesegre.cat\/turisme\/wp-content\/uploads\/2025\/04\/IMG_4403-1080x1440.jpg 1080w, https:\/\/artesadesegre.cat\/turisme\/wp-content\/uploads\/2025\/04\/IMG_4403-1280x1707.jpg 1280w, https:\/\/artesadesegre.cat\/turisme\/wp-content\/uploads\/2025\/04\/IMG_4403-980x1307.jpg 980w, https:\/\/artesadesegre.cat\/turisme\/wp-content\/uploads\/2025\/04\/IMG_4403-480x640.jpg 480w\" sizes=\"(max-width: 1920px) 100vw, 1920px\" \/>\t\t\t\t\t\t\t\t\t\t\t\t\t\t\t<\/div>\n\t\t\t\t<\/div>\n\t\t\t\t\t<\/div>\n\t\t\t\t<\/div>\n\t\t<div class=\"elementor-element elementor-element-3d9b53ea e-flex e-con-boxed e-con e-parent\" data-id=\"3d9b53ea\" data-element_type=\"container\" data-e-type=\"container\">\n\t\t\t\t\t<div class=\"e-con-inner\">\n\t\t\t\t<div class=\"elementor-element elementor-element-34fcd804 elementor-align-left elementor-widget elementor-widget-button\" data-id=\"34fcd804\" data-element_type=\"widget\" data-e-type=\"widget\" data-widget_type=\"button.default\">\n\t\t\t\t\t\t\t\t\t\t<a class=\"elementor-button elementor-button-link elementor-size-sm\" href=\"https:\/\/artesadesegre.cat\/turisme\/wp-content\/uploads\/2025\/05\/DIPTIC-CENTRE-HISTORIC.pdf\">\n\t\t\t\t\t\t<span class=\"elementor-button-content-wrapper\">\n\t\t\t\t\t\t<span class=\"elementor-button-icon\">\n\t\t\t\t<svg aria-hidden=\"true\" class=\"e-font-icon-svg e-fas-long-arrow-alt-left\" viewBox=\"0 0 448 512\" xmlns=\"http:\/\/www.w3.org\/2000\/svg\"><path d=\"M134.059 296H436c6.627 0 12-5.373 12-12v-56c0-6.627-5.373-12-12-12H134.059v-46.059c0-21.382-25.851-32.09-40.971-16.971L7.029 239.029c-9.373 9.373-9.373 24.569 0 33.941l86.059 86.059c15.119 15.119 40.971 4.411 40.971-16.971V296z\"><\/path><\/svg>\t\t\t<\/span>\n\t\t\t\t\t\t\t\t\t<span class=\"elementor-button-text\">Tornar a la ruta del centre hist\u00f2ric<\/span>\n\t\t\t\t\t<\/span>\n\t\t\t\t\t<\/a>\n\t\t\t\t\t\t\t\t<\/div>\n\t\t\t\t\t<\/div>\n\t\t\t\t<\/div>\n\t\t\t\t<\/div>\n\t\t","protected":false},"excerpt":{"rendered":"<p>L\u2019actual Museu del Montsec havia estat l\u2019antiga casa de la vila d\u2019Artesa. Es tracta d\u2019un edifici constru\u00eft a mitjan segle XVI. Els Llibres d\u2019Estimes d\u2019Artesa en els quals s\u2019anotaven, per manament de les autoritats municipals i sota el seu control, les propietats de cada ve\u00ed, esmenten l\u2019exist\u00e8ncia de la casa de la vila ja a [&hellip;]<\/p>\n","protected":false},"author":2,"featured_media":0,"parent":407,"menu_order":0,"comment_status":"closed","ping_status":"closed","template":"elementor_header_footer","meta":{"_acf_changed":false,"footnotes":""},"class_list":["post-355","page","type-page","status-publish","hentry"],"acf":[],"_links":{"self":[{"href":"https:\/\/artesadesegre.cat\/turisme\/wp-json\/wp\/v2\/pages\/355","targetHints":{"allow":["GET"]}}],"collection":[{"href":"https:\/\/artesadesegre.cat\/turisme\/wp-json\/wp\/v2\/pages"}],"about":[{"href":"https:\/\/artesadesegre.cat\/turisme\/wp-json\/wp\/v2\/types\/page"}],"author":[{"embeddable":true,"href":"https:\/\/artesadesegre.cat\/turisme\/wp-json\/wp\/v2\/users\/2"}],"replies":[{"embeddable":true,"href":"https:\/\/artesadesegre.cat\/turisme\/wp-json\/wp\/v2\/comments?post=355"}],"version-history":[{"count":11,"href":"https:\/\/artesadesegre.cat\/turisme\/wp-json\/wp\/v2\/pages\/355\/revisions"}],"predecessor-version":[{"id":1174,"href":"https:\/\/artesadesegre.cat\/turisme\/wp-json\/wp\/v2\/pages\/355\/revisions\/1174"}],"up":[{"embeddable":true,"href":"https:\/\/artesadesegre.cat\/turisme\/wp-json\/wp\/v2\/pages\/407"}],"wp:attachment":[{"href":"https:\/\/artesadesegre.cat\/turisme\/wp-json\/wp\/v2\/media?parent=355"}],"curies":[{"name":"wp","href":"https:\/\/api.w.org\/{rel}","templated":true}]}}