{"id":1728,"date":"2026-03-24T09:11:05","date_gmt":"2026-03-24T08:11:05","guid":{"rendered":"https:\/\/artesadesegre.cat\/turisme\/?page_id=1728"},"modified":"2026-03-24T09:51:04","modified_gmt":"2026-03-24T08:51:04","slug":"trinxeres-de-la-punta-de-la-serra-de-la-torre-de-laliga","status":"publish","type":"page","link":"https:\/\/artesadesegre.cat\/turisme\/espais-de-memoria\/trinxeres-de-la-punta-de-la-serra-de-la-torre-de-laliga\/","title":{"rendered":"Trinxeres de la punta de la Serra de la Torre de l\u2019\u00c0liga"},"content":{"rendered":"\t\t<div data-elementor-type=\"wp-page\" data-elementor-id=\"1728\" class=\"elementor elementor-1728\" data-elementor-post-type=\"page\">\n\t\t\t\t<div class=\"elementor-element elementor-element-3292796 e-flex e-con-boxed e-con e-parent\" data-id=\"3292796\" data-element_type=\"container\" data-e-type=\"container\">\n\t\t\t\t\t<div class=\"e-con-inner\">\n\t\t<div class=\"elementor-element elementor-element-5c149fa e-con-full e-flex e-con e-child\" data-id=\"5c149fa\" data-element_type=\"container\" data-e-type=\"container\">\n\t\t\t\t<div class=\"elementor-element elementor-element-d4e39be elementor-widget elementor-widget-text-editor\" data-id=\"d4e39be\" data-element_type=\"widget\" data-e-type=\"widget\" data-widget_type=\"text-editor.default\">\n\t\t\t\t\t\t\t\t\t<p class=\"p1\">Totes les fortificacions formigonades i els refugis subterranis estaven interconnectats amb una densa xarxa de trinxeres formada per trinxeres de comunicaci\u00f3, d\u2019evacuaci\u00f3 i de combat.<\/p><p class=\"p1\">En aquest punt estrat\u00e8gic de la serra, podem veure la densitat i la profunditat de les trinxeres que havien de permetre els soldats defensors d\u2019acompanyar l\u2019acci\u00f3 de les metralladores dels b\u00fanquers cobrint punts foscos i defensant les posicions en cas d\u2019un atac frontal de l\u2019enemic. En aquest punt les trinxeres de combat arriben en ziga-zaga fins al peu de la serra.<\/p><p class=\"p1\">En l\u2019excavaci\u00f3 arqueol\u00f2gica que es va realitzar en aquest punt l\u2019any 2010 s\u2019hi van documentar in situ diversos carregadors de munici\u00f3 del fusell sovi\u00e8tic Mosin Nagant i munici\u00f3 disparada del fusell M\u00e0user.<\/p>\t\t\t\t\t\t\t\t<\/div>\n\t\t\t\t<div class=\"elementor-element elementor-element-60da1a4 elementor-widget elementor-widget-image\" data-id=\"60da1a4\" data-element_type=\"widget\" data-e-type=\"widget\" data-widget_type=\"image.default\">\n\t\t\t\t\t\t\t\t\t\t\t\t\t\t\t<img fetchpriority=\"high\" decoding=\"async\" width=\"800\" height=\"458\" src=\"https:\/\/artesadesegre.cat\/turisme\/wp-content\/uploads\/2026\/03\/MAPA-CINTURO-DARTESA-DE-SEGRE-1024x586.png\" class=\"attachment-large size-large wp-image-1738\" alt=\"\" srcset=\"https:\/\/artesadesegre.cat\/turisme\/wp-content\/uploads\/2026\/03\/MAPA-CINTURO-DARTESA-DE-SEGRE-1024x586.png 1024w, https:\/\/artesadesegre.cat\/turisme\/wp-content\/uploads\/2026\/03\/MAPA-CINTURO-DARTESA-DE-SEGRE-300x172.png 300w, https:\/\/artesadesegre.cat\/turisme\/wp-content\/uploads\/2026\/03\/MAPA-CINTURO-DARTESA-DE-SEGRE-768x440.png 768w, https:\/\/artesadesegre.cat\/turisme\/wp-content\/uploads\/2026\/03\/MAPA-CINTURO-DARTESA-DE-SEGRE-1536x879.png 1536w, https:\/\/artesadesegre.cat\/turisme\/wp-content\/uploads\/2026\/03\/MAPA-CINTURO-DARTESA-DE-SEGRE.png 2000w\" sizes=\"(max-width: 800px) 100vw, 800px\" \/>\t\t\t\t\t\t\t\t\t\t\t\t\t\t\t<\/div>\n\t\t\t\t<div class=\"elementor-element elementor-element-4e55645 elementor-align-left elementor-widget elementor-widget-button\" data-id=\"4e55645\" data-element_type=\"widget\" data-e-type=\"widget\" data-widget_type=\"button.default\">\n\t\t\t\t\t\t\t\t\t\t<a class=\"elementor-button elementor-button-link elementor-size-sm\" href=\"https:\/\/artesadesegre.cat\/turisme\/espais-de-memoria\/\">\n\t\t\t\t\t\t<span class=\"elementor-button-content-wrapper\">\n\t\t\t\t\t\t<span class=\"elementor-button-icon\">\n\t\t\t\t<svg aria-hidden=\"true\" class=\"e-font-icon-svg e-fas-long-arrow-alt-left\" viewBox=\"0 0 448 512\" xmlns=\"http:\/\/www.w3.org\/2000\/svg\"><path d=\"M134.059 296H436c6.627 0 12-5.373 12-12v-56c0-6.627-5.373-12-12-12H134.059v-46.059c0-21.382-25.851-32.09-40.971-16.971L7.029 239.029c-9.373 9.373-9.373 24.569 0 33.941l86.059 86.059c15.119 15.119 40.971 4.411 40.971-16.971V296z\"><\/path><\/svg>\t\t\t<\/span>\n\t\t\t\t\t\t\t\t\t<span class=\"elementor-button-text\">Torna als espais de mem\u00f2ria<\/span>\n\t\t\t\t\t<\/span>\n\t\t\t\t\t<\/a>\n\t\t\t\t\t\t\t\t<\/div>\n\t\t\t\t<\/div>\n\t\t<div class=\"elementor-element elementor-element-025939f e-con-full e-flex e-con e-child\" data-id=\"025939f\" data-element_type=\"container\" data-e-type=\"container\">\n\t\t\t\t<div class=\"elementor-element elementor-element-bab4cae elementor-widget elementor-widget-image\" data-id=\"bab4cae\" data-element_type=\"widget\" data-e-type=\"widget\" data-widget_type=\"image.default\">\n\t\t\t\t\t\t\t\t\t\t\t\t\t\t\t<img decoding=\"async\" width=\"1200\" height=\"1600\" src=\"https:\/\/artesadesegre.cat\/turisme\/wp-content\/uploads\/2026\/03\/WhatsApp-Image-2026-03-18-at-12.33.56-3.jpeg\" class=\"attachment-full size-full wp-image-1493\" alt=\"\" srcset=\"https:\/\/artesadesegre.cat\/turisme\/wp-content\/uploads\/2026\/03\/WhatsApp-Image-2026-03-18-at-12.33.56-3.jpeg 1200w, https:\/\/artesadesegre.cat\/turisme\/wp-content\/uploads\/2026\/03\/WhatsApp-Image-2026-03-18-at-12.33.56-3-225x300.jpeg 225w, https:\/\/artesadesegre.cat\/turisme\/wp-content\/uploads\/2026\/03\/WhatsApp-Image-2026-03-18-at-12.33.56-3-768x1024.jpeg 768w, https:\/\/artesadesegre.cat\/turisme\/wp-content\/uploads\/2026\/03\/WhatsApp-Image-2026-03-18-at-12.33.56-3-1152x1536.jpeg 1152w\" sizes=\"(max-width: 1200px) 100vw, 1200px\" \/>\t\t\t\t\t\t\t\t\t\t\t\t\t\t\t<\/div>\n\t\t\t\t<div class=\"elementor-element elementor-element-5ae916b elementor-widget elementor-widget-image\" data-id=\"5ae916b\" data-element_type=\"widget\" data-e-type=\"widget\" data-widget_type=\"image.default\">\n\t\t\t\t\t\t\t\t\t\t\t\t\t\t\t<img decoding=\"async\" width=\"494\" height=\"774\" src=\"https:\/\/artesadesegre.cat\/turisme\/wp-content\/uploads\/2026\/03\/Captura-de-pantalla-2026-03-24-091351.png\" class=\"attachment-full size-full wp-image-1730\" alt=\"\" srcset=\"https:\/\/artesadesegre.cat\/turisme\/wp-content\/uploads\/2026\/03\/Captura-de-pantalla-2026-03-24-091351.png 494w, https:\/\/artesadesegre.cat\/turisme\/wp-content\/uploads\/2026\/03\/Captura-de-pantalla-2026-03-24-091351-191x300.png 191w\" sizes=\"(max-width: 494px) 100vw, 494px\" \/>\t\t\t\t\t\t\t\t\t\t\t\t\t\t\t<\/div>\n\t\t\t\t<\/div>\n\t\t\t\t\t<\/div>\n\t\t\t\t<\/div>\n\t\t\t\t<\/div>\n\t\t","protected":false},"excerpt":{"rendered":"<p>Totes les fortificacions formigonades i els refugis subterranis estaven interconnectats amb una densa xarxa de trinxeres formada per trinxeres de comunicaci\u00f3, d\u2019evacuaci\u00f3 i de combat. En aquest punt estrat\u00e8gic de la serra, podem veure la densitat i la profunditat de les trinxeres que havien de permetre els soldats defensors d\u2019acompanyar l\u2019acci\u00f3 de les metralladores dels [&hellip;]<\/p>\n","protected":false},"author":2,"featured_media":0,"parent":1430,"menu_order":0,"comment_status":"closed","ping_status":"closed","template":"","meta":{"_acf_changed":false,"footnotes":""},"class_list":["post-1728","page","type-page","status-publish","hentry"],"acf":[],"_links":{"self":[{"href":"https:\/\/artesadesegre.cat\/turisme\/wp-json\/wp\/v2\/pages\/1728","targetHints":{"allow":["GET"]}}],"collection":[{"href":"https:\/\/artesadesegre.cat\/turisme\/wp-json\/wp\/v2\/pages"}],"about":[{"href":"https:\/\/artesadesegre.cat\/turisme\/wp-json\/wp\/v2\/types\/page"}],"author":[{"embeddable":true,"href":"https:\/\/artesadesegre.cat\/turisme\/wp-json\/wp\/v2\/users\/2"}],"replies":[{"embeddable":true,"href":"https:\/\/artesadesegre.cat\/turisme\/wp-json\/wp\/v2\/comments?post=1728"}],"version-history":[{"count":19,"href":"https:\/\/artesadesegre.cat\/turisme\/wp-json\/wp\/v2\/pages\/1728\/revisions"}],"predecessor-version":[{"id":1813,"href":"https:\/\/artesadesegre.cat\/turisme\/wp-json\/wp\/v2\/pages\/1728\/revisions\/1813"}],"up":[{"embeddable":true,"href":"https:\/\/artesadesegre.cat\/turisme\/wp-json\/wp\/v2\/pages\/1430"}],"wp:attachment":[{"href":"https:\/\/artesadesegre.cat\/turisme\/wp-json\/wp\/v2\/media?parent=1728"}],"curies":[{"name":"wp","href":"https:\/\/api.w.org\/{rel}","templated":true}]}}